or of 2 and u.
2
Suppose 5*k - 23 - 6 = -t, 0 = -3*k + 4*t + 22. What is the highest common factor of k and 4?
2
Let c(r) = r**3 + 8*r**2 - r + 3. Let t be c(-8). Suppose -4*g = -13 - t. What is the highest common factor of 60 and g?
6
Let q(c) = c**2 + 7*c - 2. Let z be q(-9). Suppose 2*y - 1 = 31. Calculate the highest common factor of z and y.
16
Let g be -5*-6*(-4)/(-30). Suppose -4*u = -2 - 14. Calculate the highest common divisor of u and g.
4
Suppose 4 = w - 10. What is the greatest common divisor of 112 and w?
14
Suppose -k + 4 = 3. Let p be ((-4)/8)/(k/(-4)). Suppose -5*x = -p*n + 93, 0 = -4*n + 5*x + 176 - 5. Calculate the highest common divisor of n and 26.
13
Let s = 26 - 10. What is the greatest common factor of s and 40?
8
Let i be 32 - (2 - (-2 - -2)). Let c = i - 19. Calculate the highest common divisor of 88 and c.
11
Let r(g) = 4*g - 10. Let t be r(10). Calculate the highest common factor of t and 12.
6
Suppose 2 = 5*g - 13. Suppose g*o = -7 - 5. Let q(i) = -i**3 - 4*i**2 - 4*i. Let n be q(o). What is the greatest common factor of n and 64?
16
Let s be 1*2 - (1 + 0). Let t = s - 2. Let y be 1/t + 15 + -2. What is the highest common divisor of 3 and y?
3
Let p = 14 - 7. Calculate the greatest common factor of 56 and p.
7
Let c = 37 + -19. What is the highest common factor of c and 90?
18
Let t be 2 - 1 - (1 + -2). Let a(c) = 16*c - 16. Let v(y) = 3*y - 3. Let b(w) = 2*a(w) - 11*v(w). Let d be b(-7). What is the greatest common factor of d and t?
2
Let r be 4/3*45/10. Calculate the greatest common divisor of r and 3.
3
Suppose 0 = t + h - 7 - 4, 3*h = 0. Calculate the highest common divisor of 55 and t.
11
Let n be (1 - (4 - 2))*-5. Let t(d) be the second derivative of d**3/6 - d**2 - 3*d. Let l be t(n). What is the highest common factor of 9 and l?
3
Suppose 0 = -3*v + 4*v - 90. Calculate the highest common divisor of v and 10.
10
Suppose 0 = 3*y - 41 - 70. Suppose 3*t - y + 7 = 0. Calculate the highest common factor of 10 and t.
10
Let u(j) = 3*j. Let g be u(4). Suppose -3*n + 3*h + 2*h + 381 = 0, 5*h = -4*n + 543. Calculate the greatest common divisor of g and n.
12
Let x = 43 - 43. Let y(q) = q**2 - 3. Let b be y(4). Suppose x = 2*r - r - b. What is the highest common divisor of r and 130?
13
Suppose -2*f - 6 = 0, 3*f = 5*p - 0*p + 61. Let h = 7 + p. Let x be ((-2)/2)/(1/h). What is the greatest common divisor of x and 63?
7
Suppose 5*m - 3*x = 2*x - 5, -4*x = 4*m - 12. Let t(w) = -w**3 - 5*w**2 + w + 7. Let h be t(-5). What is the greatest common divisor of h and m?
1
Let y be 4 + 1 + (1 - 2). Let t(r) = r + 6. Let q be t(-6). Let i be 30/3 - (q - 0). Calculate the highest common divisor of i and y.
2
Suppose -2*t + t = -2*r + 12, -2*r = 5*t. Calculate the highest common divisor of 5 and r.
5
Suppose -a + 2*a - 3*q - 29 = 0, -4*a + q = -94. Calculate the highest common divisor of a and 184.
23
Suppose 5*g = 4*v + 516, 9*g - 4*g + 2*v = 492. Let k = g - 70. Suppose 5*m - t - k = 4*t, -6 = -2*t. What is the highest common divisor of 45 and m?
9
Let f be ((-8)/(-6))/((-4)/306). Let b be 1/(-5) + f/(-10). Suppose m - b = 6. What is the greatest common factor of 16 and m?
16
Let o(l) = 2*l**2 - 3*l + 1. Let m be o(-4). Suppose -3*j + j + 10 = 0. Calculate the highest common divisor of j and m.
5
Let l(z) = -2*z - 2. Let y be l(-5). What is the greatest common divisor of 32 and y?
8
Let r(j) = -j**3 - j**2 - 2. Let p be r(-2). Calculate the highest common factor of p and 4.
2
Let i = -230 - -670. What is the greatest common divisor of i and 55?
55
Let i = -18 - -32. Let c = 29 - 22. What is the greatest common divisor of c and i?
7
Let o = 288 + -134. Let f(c) = -c**3 + 3*c**2 + 2. Let z be f(3). Suppose y - 25 = -z*d, 0 = -d + 2*d - 2*y - 20. What is the highest common factor of d and o?
14
Suppose -3 = -4*x + 93. Suppose -3*f + x = f. Calculate the greatest common divisor of f and 6.
6
Suppose 0 + 33 = 3*d. Calculate the highest common divisor of d and 11.
11
Let q = -9 + 13. Calculate the highest common divisor of 28 and q.
4
Suppose 4*q = 2 + 6. Let j be (-1)/q*-4 + 9. Calculate the greatest common divisor of 55 and j.
11
Let m(w) = w**3 - 3*w**2 - 9*w - 5. Let i be m(7). Calculate the highest common divisor of 16 and i.
16
Suppose 21 = 5*p - 2*p. Suppose -f + 29 = -6. Calculate the highest common factor of f and p.
7
Suppose 5*j + 163 = -12. Let g = j - -95. Calculate the greatest common divisor of g and 90.
30
Let r(z) = 2*z**2 - 4*z + 3. Let s be r(12). Suppose -2*q + s = q. What is the greatest common divisor of 9 and q?
9
Suppose -5*c + 2*s + 73 - 11 = 0, -5*c = -4*s - 64. Suppose -a - 7 = -b - b, -4*a - 3 = -3*b. What is the greatest common factor of a and c?
3
Let p be 1 + 52 + (-2)/(-2)*2. What is the greatest common divisor of 385 and p?
55
Let p be (-1)/2*0/(-1). Let h = p - -15. Let c be ((-7)/(56/30))/((-1)/20). What is the highest common factor of c and h?
15
Let v be (3 - (-5 - -9)) + (144 - 0). Calculate the highest common divisor of v and 13.
13
Let v = 1 + 6. Suppose 2*x - 7 = 3*x. Let t be x/(-35) + 488/10. What is the highest common divisor of v and t?
7
Let b(w) = -w**2 - 9*w - 8. Let a be b(-6). Let k be (-5 - 2/(-2))*-10. What is the highest common factor of a and k?
10
Let u(o) = -o + 5. Let x be u(0). Let q(t) = t**2 - 5*t + 4. Let h be q(x). Calculate the highest common factor of h and 1.
1
Let b(n) = -1 + n**3 - n + 0*n**2 + n**2 + 5*n**2. Let o be b(-6). Let c be (1 - o)/((-1)/3). Calculate the greatest common divisor of c and 132.
12
Let z(g) = -g**2 + 2*g - 2. Let t be z(2). Let m = -3 - t. Let j be (-29)/(-1) + m + 2. Calculate the highest common divisor of 75 and j.
15
Let b = -137 - -200. What is the greatest common factor of 45 and b?
9
Let b(a) = 6*a**2 + 26*a - 32*a + 4 + 2*a**2. Let n be b(4). Calculate the greatest common factor of 12 and n.
12
Suppose 4*v - 512 = 64. Suppose 4*b - 388 = -316. Calculate the highest common divisor of b and v.
18
Suppose n - 6*n + 35 = 0. Suppose -2*b = -n*b. Suppose -3 = -3*p - b. Calculate the highest common factor of p and 5.
1
Let l be (-10)/8*(3 - 31). What is the greatest common factor of 7 and l?
7
Let g be (-3 - -3) + (2 - -5). Calculate the highest common divisor of 1 and g.
1
Let y = -2 + 44. Suppose 0*j - y = -3*j. Let s be ((-12)/j)/(1/(-7)). Calculate the greatest common factor of 42 and s.
6
Let t = -19 - -23. Suppose 0 = -2*k + 6*q - t*q + 116, 3*k - 180 = 5*q. What is the highest common divisor of 11 and k?
11
Suppose -4*a - c = -395, 5*a - 5*c - 398 = 102. What is the greatest common divisor of 66 and a?
33
Let q be (2 - (-10 + -2))*-2. Let c = q - -61. Suppose 0 = -5*m - s + 80, -5*m + s + c = -37. Calculate the highest common divisor of 60 and m.
15
Let w be 2/7 - (-120)/21. What is the highest common factor of 30 and w?
6
Suppose 4*l = 91 + 173. Let z be (7/14)/(3/l). Let i(r) = r**3 + 7*r**2 - 4. Let m be i(-4). Calculate the highest common factor of m and z.
11
Suppose 3*o + 45 - 60 = 0. Calculate the greatest common factor of o and 55.
5
Let k(q) = -q**3 + 2. Let m be k(0). What is the highest common divisor of m and 32?
2
Let v be (-4)/(3 - (0 - -2)). Let c be 103 - (v + 3)*1. Suppose -33 = -5*u - i + 27, 0 = -2*u + 5*i + 51. What is the greatest common divisor of c and u?
13
Suppose -5*u = t - 315, 5*u - 5*t = 4*u + 63. Calculate the highest common factor of 42 and u.
21
Suppose l + 61 = 199. Suppose -b + l = m, 4*b - 2*b - 4*m - 246 = 0. What is the greatest common divisor of b and 19?
19
Let o(m) = -m - 4. Let q be o(-8). Suppose q*x + 5*f = -0*x + 215, -4*f - 320 = -5*x. What is the greatest common factor of 12 and x?
12
Suppose 2*i = 4*r + 44, 4*i = -2*r + 74 + 24. Calculate the highest common factor of i and 156.
12
Suppose -2*i = -i - 4*v - 11, -5*i + 151 = 4*v. Calculate the greatest common divisor of i and 54.
27
Let w(v) = -16*v**3 - 2*v**2 + v - 2. Let b be w(-2). Calculate the greatest common factor of 58 and b.
58
Let d be 0/((2 - 2) + -2). Suppose -164 = -4*n - 4*j, n = -d*n - 5*j + 25. Calculate the highest common divisor of n and 5.
5
Suppose -3*j + 2*j + 21 = 0. Let r = j + -11. Calculate the highest common factor of 2 and r.
2
Let f be 728/24 - 2/6. Calculate the greatest common factor of 20 and f.
10
Suppose -